by x(-6)?
2
Suppose -8*j = -3*j + 10. Let z = j - -9. Suppose 0*b + 2*c + 45 = 5*b, 3*c - 15 = 0. Calculate the remainder when b is divided by z.
4
Suppose -3*x = 5*k - 198, -2*x + 132 = 16*k - 12*k. Calculate the remainder when 215 is divided by x.
17
Suppose -7*i + 62 = -8. Suppose -5*t = -i*t + 135. What is the remainder when 49 is divided by t?
22
Let u = -64 - -69. Suppose -t + 70 = -3*x, u*x - 200 = -5*t + 210. Let j = 16 + 4. What is the remainder when t is divided by j?
19
Let y = 323 - 184. Let h = -130 + y. Calculate the remainder when 50 is divided by h.
5
Suppose -3*m + 694 = -2*k, -2*m + 451 = -2*k + 3*k. What is the remainder when m is divided by 46?
44
Suppose 4*a = a. Suppose -3 = i, a = -0*p - 2*p - 2*i - 2. What is the remainder when 39 is divided by (-14 + -6)*p/(-4)?
9
Suppose 0*t - 5*t + 2*r = -1342, 2*r + 262 = t. Let l = -160 + t. What is the remainder when l is divided by 14?
12
Let v(k) = -k**3 + k + 92. Let b be v(0). Suppose -4*a + 2*w + 0*w + 100 = 0, 4*a - 4*w - b = 0. Calculate the remainder when -106*-1*(1 + 0) is divided by a.
25
Suppose 0 = -3*p - 0*p + 4*l - 4, 3*l = 3*p + 3. Suppose -4*c + 5 - 1 = p. Suppose c + 0 = -g, 4*g = -2*i + 20. Calculate the remainder when 45 is divided by i.
9
Let v be 4*(70/8 + 2). Suppose -3*k - 4*f + 2*f = -v, 16 = k - f. Let q = -11 - -15. What is the remainder when k is divided by q?
3
What is the remainder when (((-20240)/24)/11)/((-4)/24) is divided by 66?
64
Let f(s) = s + 1. Let o(m) = -5*m - 59. Let d(v) = -6*f(v) - o(v). What is the remainder when d(0) is divided by 14?
11
Let c = 3086 - 3051. Suppose 0 = -0*m - 5*m + 515. Calculate the remainder when m is divided by c.
33
Suppose 0 = 4*d - 3*d - 28. Let l = d - 14. What is the remainder when 52 is divided by l?
10
Suppose -n - k - 3 = -7, 0 = 3*n + 5*k - 8. Let s = 25 - n. What is the remainder when 35 is divided by s?
16
Let r = 49 + -33. Let a(k) = 2*k**3 - 3*k**2 + 2*k + 2. Calculate the remainder when r is divided by a(2).
6
Let t(d) = d**2 + 6*d + 5. Let q be t(-4). What is the remainder when 3/(9/(-4))*q is divided by 2*(77/42 - 1/3)?
1
Let n(k) be the second derivative of -k**3/6 + 19*k**2 + 2*k - 16. What is the remainder when 44 is divided by n(30)?
4
Suppose 2 = r - 2*l, 0*r + 5 = 4*r - 5*l. Suppose 2*y = 2*s - 16, s + r*y = 2*y + 9. What is the remainder when 108/360 + 214/20 is divided by s?
4
Suppose -k + 4 = 2. Suppose 2*f + k*c = 16 + 36, 4*f - 2*c = 116. Calculate the remainder when f is divided by 10.
8
Suppose 0*q + 2*q - 28 = 0. Suppose -3*s - 36 = -2*p, -s - 3 - q = -p. What is the remainder when p is divided by 9?
6
Suppose 5 = -w + 2. What is the remainder when (-16)/w - 8/24 is divided by (-3)/2*(-1 + -1)?
2
Suppose -3*h + h = -24. Let d be (-2)/8 - (-3)/h. Suppose 4*v - 3*v - 21 = d. What is the remainder when 41 is divided by v?
20
Let w(k) = -k**2 - 19*k + 6. Let r be w(-18). Suppose 3*x - 5*s + r = 5*x, -2*x + 8 = s. Calculate the remainder when 6 is divided by x.
0
Suppose 17*z - 20 = 48. What is the remainder when z is divided by 2?
0
Let f be (-6)/2*32/48. Suppose -5*b + 56 = -14. Calculate the remainder when (130/f)/5*-3 is divided by b.
11
Suppose -5*w + 730 = 80. Let g(z) = z**2 - 6*z + 3. Let r be g(6). Suppose -3*f + 66 = -f - r*o, 0 = -4*o. Calculate the remainder when w is divided by f.
31
Let y(q) = 12*q - 14. Let g be y(-5). Let k = g - -105. What is the remainder when 92 is divided by k?
30
Let p = -12 + 7. Let h = 38 - p. Let w = 0 + 15. Calculate the remainder when h is divided by w.
13
Suppose 3*n - 47 - 6 = -4*z, 4*z - 38 = -2*n. What is the remainder when 99 is divided by n?
9
Let q = -57 + 106. Calculate the remainder when q is divided by -20 - 3382/(-171) - 472/(-18).
23
Let l = 491 + -460. What is the remainder when 114 is divided by l?
21
Suppose -2*o + 32 = -186. Suppose 0 = 5*j - 358 - 197. Suppose -j = 11*x - 14*x. What is the remainder when o is divided by x?
35
Let f be (153/(-36))/(2/(-56)). Let m = f + -77. Calculate the remainder when m is divided by 9.
6
Suppose 0 = u + 4*s - 7, 6*u - 5*s = u + 85. Suppose -3*v = -0*v - 15. Suppose -n - 228 = -v*n. What is the remainder when n is divided by u?
12
Suppose 0 = m + 7*m - 104. What is the remainder when 101 is divided by m?
10
Let g = -185 + 227. What is the remainder when 752 is divided by g?
38
Let n(q) = -q**2 + 26*q - 96. What is the remainder when 309 is divided by n(20)?
21
Let t be 3/(-15) + 63/15. Suppose -34 + t = -5*n. Suppose 48 = 5*l - 32. What is the remainder when l is divided by n?
4
Let a(p) = -11*p**2 - 2*p - 1. Let o be a(-1). Let r(h) = -2*h - 13. Let l be r(o). Let x = 16 - l. Calculate the remainder when 42 is divided by x.
6
Let d = 361 - 344. What is the remainder when 233 is divided by d?
12
Let n(d) = -d**3 + 13*d**2 - 24*d + 38. Calculate the remainder when 112 is divided by n(11).
0
Suppose 0 = -3*v + 4*n + 5, 0*n = -5*v + n - 3. What is the remainder when (5/(20/6))/(v/(-10)) is divided by 46/6 + 1/3?
7
Let y = 2 - -24. Let m(j) = 6*j**2 - 43*j - 196. Calculate the remainder when m(-4) is divided by y.
20
Let h = -12 - -14. Suppose -h*g = 3*g. Suppose g = 3*o - 30 - 6. What is the remainder when o is divided by 7?
5
Suppose -214*q = -199*q - 195. What is the remainder when q is divided by 9?
4
Calculate the remainder when ((-298)/(-4))/((-4)/(-24)) is divided by 64.
63
Suppose -57*s - 170 = -z - 58*s, -2*z + 325 = -3*s. Calculate the remainder when 1335 is divided by z.
166
Let q = 106 + -82. Let h(f) = -1 + 3*f - 4*f + 0*f**2 - 2*f**2 + 2*f**3 - f**3. What is the remainder when h(5) is divided by q?
21
Let p(m) = m**3 + 6*m**2 - 26*m - 59. Calculate the remainder when 121 is divided by p(-8).
16
Suppose 5*p = -5*y - 50, 4*p - 4*y + 5 = -3. What is the remainder when 77 is divided by (-2)/p - ((-115)/15 + 0)?
5
Suppose 2*m + 5*w - 17 = -0*w, -4*w = -2*m + 44. What is the remainder when m is divided by 13/(-78) + ((-86)/(-12) - 0)?
2
Suppose -20 = 5*i, 0 = 2*w + 2*w + 5*i + 68. Calculate the remainder when (-25)/5*w/20 is divided by 2.
1
Let r be -190*-2*(-3)/(-15). Suppose 0 = -4*u - 5*n + 279, 0*u - u + 5*n + r = 0. What is the remainder when u is divided by 36?
35
Let b = 9 + -5. Suppose 0 = b*q - 6 - 26. Suppose q*m - 10*m + 30 = 0. What is the remainder when m is divided by 6?
3
What is the remainder when 218 is divided by 6 - 2/((-6)/147)?
53
Suppose 10*b - 105 = 3*b. Calculate the remainder when b is divided by (-3)/(-2)*(7 - 1).
6
Let g be (9 - 11)/(1/2). What is the remainder when 119 is divided by g/(-4)*(30 + 0)?
29
Suppose -7*r = -3 - 452. Calculate the remainder when 72 is divided by r.
7
Suppose -5*h + j = -58 - 1, -4*j - 5 = h. Let p(k) = 2*k**2 - 21*k - 2. Calculate the remainder when 22 is divided by p(h).
4
Let c = 88 - 86. Suppose 2*y - 24 - c = 0. What is the remainder when y is divided by 3?
1
What is the remainder when 114 is divided by -3 + (-50)/(-15) + 2280/45?
12
What is the remainder when ((-42)/(-5))/(1/5) is divided by (7 - (-195)/(-20))/((-3)/12)?
9
Suppose 4 + 4 = -t. Suppose -17*b - 253 = 495. Calculate the remainder when 43 is divided by t/16*(b - 2).
20
Suppose -4*y - 4*t - 1040 = -9*y, -2*t - 832 = -4*y. What is the remainder when y is divided by 42?
40
Let v = -45 + 36. Suppose 0 = -h + 2*i + 11, -5*i + 15 + 7 = 3*h. Calculate the remainder when (-3)/v + 501/h is divided by 19.
18
Let i = -4 + 6. Let g be (1 - -17)*(21/6 - 3). Suppose 0 = -2*v + 2*z + 2, z + g = 4*v - 2*z. Calculate the remainder when v is divided by i.
0
Suppose 4*l - 3*a = -522 + 21, l + 4*a + 111 = 0. Let j = l + 131. Calculate the remainder when j is divided by 6.
2
Let z(o) = 42*o - 167. Calculate the remainder when z(5) is divided by 27.
16
Suppose z + 256 = 3*z. Calculate the remainder when z is divided by (-8)/8*(15 - 58).
42
Suppose -54*z + 11552 = -1840. What is the remainder when z is divided by 55?
28
Let t = 208 + -145. Let k = 0 + t. What is the remainder when 376 is divided by k?
61
Suppose 0 = 857*k - 853*k - 120. Calculate the remainder when k is divided by 4.
2
Let k(l) = -l**3 - 13*l**2 - 5*l - 32. Calculate the remainder when 196 is divided by k(-13).
31
What is the remainder when 186 is divided by (-36)/((-4 - (-48)/6)/(-3))?
24
Let t(n) = -n - 7. Let k(y) = -1. L